-j**4/4 + 7*j**3/3 - 5*j**2/2 - 3*j + 3. Let h be f(4). List the prime factors of h/10*24/2.
2, 3, 5
Suppose -426 = -3*h + 744. Let x = h - 224. List the prime factors of x.
2, 83
Suppose -3*x = 15, 3*b - 5*x + 7*x - 386 = 0. List the prime factors of b.
2, 3, 11
Suppose 0 = -4*v - 2*a + 547 - 11, -5*v - 3*a + 672 = 0. Suppose -48 = -q + 5*r, -6*r = -4*q - r + v. List the prime factors of q.
2, 7
List the prime factors of ((-12)/(16/4))/((-18)/4224).
2, 11
Suppose 3*d + 8 = d + 4*k, 3 = -d + k. What are the prime factors of ((-15)/6 - d)*-16?
2
Let p(l) = -l**3 - 2*l**2 + 38. Let r be p(0). Suppose 127 = -5*o - 3*w, 0*o - 35 = o + 3*w. Let a = r - o. What are the prime factors of a?
61
Let z be -1 - (-1 - 3 - 0). Let j(f) = -2*f**3 + 15 - 4*f**3 - 2*f**3 + 9*f**z - 10*f + 7*f**2. List the prime factors of j(-8).
31
Let k(n) = -6 + 8 + 3*n**3 + 8*n**3 - n + n**3. Let g be k(2). Let f = 141 - g. What are the prime factors of f?
3, 5
Let t(m) = 3*m**2 + 6*m + 365. What are the prime factors of t(26)?
2549
Suppose 3*r + 5*j = 4 + 7, 4*r = -2*j + 24. Let t(a) = a**3 - 7*a**2 + 5*a - 16. Let u be t(r). Let m = 4 + u. List the prime factors of m.
23
Suppose -4*r = -5*i - 12, -i + 3*r - 9 = -0*i. Suppose i = -2*x - x - 3*c + 60, -20 = 4*c. List the prime factors of x.
5
Suppose -123 = -5*j + s + 467, 605 = 5*j - 4*s. What are the prime factors of j?
3, 13
Suppose 3*r + 0*g + 73 = -4*g, 0 = g + 1. Let s = 43 + r. What are the prime factors of s?
2, 5
Suppose 3*h = 168 + 39. Suppose 4 = 3*r - 4*a - h, -3 = -r - 4*a. List the prime factors of r.
19
Suppose -4*l = -5*l - 2*f + 60, 3*f - 116 = -2*l. Let q = 142 - l. What are the prime factors of q?
2, 3, 5
Let o(u) = -u**2 - 13*u + 6. Let f be o(-10). Suppose -4*g + 12 = -f. Suppose -n = -2*r - 22, -5*n + 4*n + g = -4*r. What are the prime factors of n?
2
Suppose r - 4 = -c + 4, r = 4*c - 12. Let g = c + 95. What are the prime factors of g?
3, 11
Suppose 3*x - 4*r - 119 = 0, -4*x - 3*r + 159 = -33. Suppose 14*w = 11*w + x. List the prime factors of w.
3, 5
Let d(n) = n**3 - 6*n**2 - 6*n + 6. Let o be d(7). Let j = 18 - o. List the prime factors of (19/(-2))/(j/(-10)).
19
Let h = -3836 - -6356. List the prime factors of (0 + (3 - 2))/(8/h).
3, 5, 7
Suppose 3*r - 2*r = 259. Let u = r + -183. List the prime factors of u.
2, 19
Let f(r) = r**3 + 9*r**2 + r + 12. Let p be f(-9). Suppose 5*l + p*l = 88. Suppose 31 = 2*k - l. List the prime factors of k.
3, 7
Let g = 0 + 1. Let v(s) = 19*s**2 - 2*s + 1. What are the prime factors of v(g)?
2, 3
Let w = 15 - -5. What are the prime factors of 2/(-4) + 930/w?
2, 23
Let z(o) be the second derivative of -o + 4/3*o**3 + 3/2*o**2 + 0. List the prime factors of z(3).
3
Suppose 0 = -l + 3, 3*j - 3975 - 2697 = 3*l. What are the prime factors of j?
17, 131
Suppose 5*w - 8160 = 3*j, -4*j + 6*j = 0. What are the prime factors of w?
2, 3, 17
Let v(z) = 5*z**3 - 5*z**2 + 8*z - 1. What are the prime factors of v(7)?
5, 61
Let f = 31 + 5. Suppose f*y - 31*y = 260. What are the prime factors of y?
2, 13
Suppose -253 = -2*r + 179. Suppose -r = -36*w + 32*w. List the prime factors of w.
2, 3
Let l = -26 - -17. Let w(g) = g**3 + 10*g**2 - 11. What are the prime factors of w(l)?
2, 5, 7
Suppose -10*d = 6*d - 752. What are the prime factors of d?
47
What are the prime factors of 5568/12 - (-5 - 1)/3?
2, 233
Suppose 3*q = r + 1420, 4*q + 109 = -3*r + 1998. What are the prime factors of q?
11, 43
What are the prime factors of (-6971275)/(-1081) + -3 + (-213)/(-69)?
6449
Let o(q) = 2*q**2 - 26*q + 24. Suppose -5 = -2*y + 27. What are the prime factors of o(y)?
2, 3, 5
Let s be (-6)/(-9) + (-1)/(-3). Let t be s - ((2 - 2) + -1). List the prime factors of (-420)/(-12) + 6/t.
2, 19
Let h = -247 - -465. Let a = h - 99. What are the prime factors of a?
7, 17
Let a(s) = -128*s - 244. List the prime factors of a(-11).
2, 3, 97
Let v(r) = -2*r**2 + 13*r. Let u be v(7). List the prime factors of u/((-14)/8) + (-1 - -135).
2, 3, 23
What are the prime factors of 783/24 - ((-63)/(-24))/(-7)?
3, 11
Suppose 2*s - 14 = -4*j, 3*s - 2*j = -5*j + 24. List the prime factors of s.
3
Let v(g) = -g**3 + 17*g**2 + 11*g + 24. What are the prime factors of v(17)?
211
Let p be -1 - 2 - (-3)/(-3). Let k be 1/2*(p - -10). List the prime factors of k/(2 - 23/12).
2, 3
Let u = -2 + 18. Let a = 18 - u. Suppose 122 = 2*n + 2*d + a*d, n - d - 73 = 0. What are the prime factors of n?
3, 23
Let b = 27 - 51. Let w = 0 - b. List the prime factors of w.
2, 3
Let c = -593 - -995. What are the prime factors of c?
2, 3, 67
Let s = -56 - 56. Let r = -52 - s. List the prime factors of r.
2, 3, 5
Let l(o) = 49*o**2 + 11*o + 1. What are the prime factors of l(5)?
3, 7, 61
Let a be 9/(-6) + -2 + (-14)/(-4). What are the prime factors of (a - (-5 - -2))*(-363)/(-9)?
11
Suppose -2*a - c = -6, -3*c - 2 = a + a. Suppose a*x + 527 = 4*v, 2*x - x + 132 = v. What are the prime factors of v?
7, 19
Let b = 54 + -52. Suppose -b - 13 = -3*z. List the prime factors of z.
5
Let f(l) = 7*l**2 + l. Suppose 15*x + 33 = 4*x. List the prime factors of f(x).
2, 3, 5
Let g = 294 - 490. Let i = g - -331. List the prime factors of i.
3, 5
Let t(p) = p**3 - 3*p**2 - p + 552. List the prime factors of t(0).
2, 3, 23
Let b be 2*3*68/8. Suppose 5*x - b - 44 = 0. Let r = x - 1. List the prime factors of r.
2, 3
Let u(y) = -y**3 + 10*y**2 - 15*y - 15. Let z be u(8). Let g = z - -16. What are the prime factors of g?
3
Suppose 2*q - 16 = 76. Suppose -2*a - q = -2*z + z, -3*z = 4*a - 118. What are the prime factors of z?
2, 3, 7
Suppose 0 = 4*k - 36 + 4. Let g(o) = o**2 - 4*o - 10. What are the prime factors of g(k)?
2, 11
List the prime factors of (-1)/1*(-1860)/1.
2, 3, 5, 31
What are the prime factors of (18/(-8))/((-5)/(-15120)*-3)?
2, 3, 7
Suppose -k - 10*k + 33 = 0. Suppose -2*i + 970 = k*i. What are the prime factors of i?
2, 97
Let t(z) = -5*z + 7. Let k(c) = 2*c - 3. Let m(d) = 7*k(d) + 3*t(d). Let j = -101 + 96. List the prime factors of m(j).
5
What are the prime factors of (-7)/(210/(-610))*(53 - 2)?
17, 61
Suppose -4*n = -5*r - 1 + 173, 5*r = n + 163. Let t = r + 148. List the prime factors of t.
2, 3, 5
Suppose 2*l - 1240 = 38. List the prime factors of l.
3, 71
Suppose 3*u + 2*w = 224, -5*w + 0*w = -u + 52. Let z = u + -33. Suppose 0 = 3*p - 0 - z. What are the prime factors of p?
13
Let d = 236 + -116. Suppose -536 = -4*p - d. What are the prime factors of p?
2, 13
Let f(q) = -q**3 + 5*q**2 - 2*q - 3. Let z be (1 - 9)*7/(-14). Let l be f(z). Let u(g) = 3*g + 2. List the prime factors of u(l).
17
Let p(h) = h**2 - 24*h + 15. Let r be p(18). Let z = r - -285. Suppose 0 = 9*d - 3*d - z. List the prime factors of d.
2
Let y = -116 - -286. Suppose -3*q - 3*b = -354, -428 = -5*q + 3*b + y. List the prime factors of q.
7, 17
Suppose -34*h = -44*h + 120. List the prime factors of h.
2, 3
Let p = 34 - -6. What are the prime factors of p?
2, 5
Let d = -47 - -55. List the prime factors of (-2 - -1) + 229 + d + -17.
3, 73
Suppose -4*x + 40 = 16. Let d(v) = -v**2 + 6*v + 5. Let u be d(x). Suppose 4*p - 12 - 42 = -j, -2*j - u*p + 114 = 0. List the prime factors of j.
2, 31
Let s be (-15 + 14)/(2/(-6)). List the prime factors of (138/8)/(s/12).
3, 23
Suppose 0*y = -y - 4. List the prime factors of ((-471)/6)/(y/8).
157
Suppose -4*o = -4, -2*o + 841 = 2*p - 1421. Suppose 0 = -8*x - 2*x + p. List the prime factors of x.
113
List the prime factors of 367 + -5 + 3 + 2 - -3.
2, 5, 37
What are the prime factors of -2*-10*258/8?
3, 5, 43
Suppose -5*g + 3*g = 2*c - 1828, -3*c - 926 = -g. What are the prime factors of g?
7, 131
Let s(y) = -y**3 + 18*y**2 - 9*y - 9. What are the prime factors of s(5)?
271
What are the prime factors of (-2655)/(-30) - (-6)/4?
2, 3, 5
Suppose -3*s - 2*d = 3, -3*s - d - 2*d = 6. Suppose -o - 9 = s. List the prime factors of (-2)/(-5) + (-726)/o.
73
Let c = -24 + 27. Suppose d - 400 = -2*d + l, -2*l + 415 = c*d. Suppose 0 = 2*w + 2*k + k - 54, 2*k - d = -5*w. List the prime factors of w.
3
Let z(p) = p**3 + 4*p**2 + 4*p + 10. Let x be z(-5). Let y = x - -26. Let h = -5 - y. What are the prime factors of h?
2
Let g(h) = h**2 + 14*h + 2. Let z be g(-14). Suppose -z - 916 = -6*u. List the prime factors of u.
3, 17
Suppose 5 = -6*x + 881. Let 